{"id":50,"date":"2025-07-17T11:34:08","date_gmt":"2025-07-17T11:34:08","guid":{"rendered":"https:\/\/eped.ch\/?page_id=50"},"modified":"2025-07-18T12:14:07","modified_gmt":"2025-07-18T12:14:07","slug":"a-propos-de-nous","status":"publish","type":"page","link":"https:\/\/eped.ch\/index.php\/a-propos-de-nous\/","title":{"rendered":"\u00c0 propos de nous"},"content":{"rendered":"\n<p>L\u2019\u00c9cole primaire et enfantine de Del\u00e9mont accueille les enfants de 1P \u00e0 8P dans un environnement stimulant, bienveillant et dynamique.<br>Nos \u00e9tablissements sont r\u00e9partis sur plusieurs sites afin de r\u00e9pondre au mieux aux besoins de chaque \u00e9l\u00e8ve et de favoriser un climat propice aux apprentissages.<\/p>\n\n\n\n<p>Nous encourageons l\u2019autonomie, la collaboration et la curiosit\u00e9, tout en pla\u00e7ant la bienveillance, la civilit\u00e9 et la coop\u00e9ration au c\u0153ur de nos pratiques \u00e9ducatives.<\/p>\n\n\n\n<blockquote class=\"wp-block-quote is-layout-flow wp-block-quote-is-layout-flow\">\n<p>Le bon fonctionnement de notre \u00e9cole repose sur une communication claire avec les familles et un engagement constant de notre personnel.<\/p>\n\n\n\n<p>Nous remercions les parents pour leur collaboration et leur implication dans le suivi scolaire de leur enfant.<\/p>\n\n\n\n<p>Tout au long de l\u2019ann\u00e9e, nous mettons en \u0153uvre de nombreux projets \u00e9ducatifs, culturels et sportifs, afin d\u2019encourager la participation, le respect et l\u2019\u00e9panouissement personnel de chacun. <\/p>\n<\/blockquote>\n\n\n\n<p><\/p>\n\n\n\n<ul class=\"wp-block-list\">\n<li>Nicolas Gagnebin, directeur (Giron Gros-Seuc)<\/li>\n\n\n\n<li>Marc-Olivier L\u00fcthi, directeur (Giron Ch\u00e2teau)<\/li>\n<\/ul>\n\n\n\n<p><strong>\u00c9quipe et partenaires<\/strong><\/p>\n\n\n\n<p>Notre \u00e9cole fonctionne gr\u00e2ce \u00e0 l\u2019implication d\u2019une \u00e9quipe compl\u00e8te <\/p>\n\n\n\n<ul class=\"wp-block-list\">\n<li>Enseignants, secr\u00e9taires, m\u00e9diatrices, infirmi\u00e8re scolaire, concierges, chauffeur, intervenante socio-\u00e9ducative.<\/li>\n<\/ul>\n\n\n\n<p>Elle collabore aussi avec <\/p>\n\n\n\n<ul class=\"wp-block-list\">\n<li>Le service de sant\u00e9 scolaire<\/li>\n\n\n\n<li>La travailleuse sociale scolaire<\/li>\n\n\n\n<li>L\u2019association des parents d\u2019\u00e9l\u00e8ves (APEDE)<\/li>\n<\/ul>\n\n\n\n<p class=\"has-text-align-right\"><strong>Contact officiel <\/strong><\/p>\n\n\n\n<p class=\"has-text-align-right\">\u00c9cole primaire et enfantine de Del\u00e9mont<br>Haut-Fourneau 36 \u2013 Case postale 89<br>2800 Del\u00e9mont<br>\ud83d\udcde 032 421 97 00<\/p>\n\n\n\n<p><\/p>\n\n\n\n<p><\/p>\n","protected":false},"excerpt":{"rendered":"<p>L\u2019\u00c9cole primaire et enfantine de Del\u00e9mont accueille les enfants de 1P \u00e0 8P dans un environnement stimulant, bienveillant et dynamique.Nos \u00e9tablissements sont r\u00e9partis sur plusieurs sites afin de r\u00e9pondre au mieux aux besoins de chaque \u00e9l\u00e8ve et de favoriser un climat propice aux apprentissages. Nous encourageons l\u2019autonomie, la collaboration et la curiosit\u00e9, tout en pla\u00e7ant&hellip;<\/p>\n","protected":false},"author":1,"featured_media":0,"parent":0,"menu_order":0,"comment_status":"closed","ping_status":"closed","template":"","meta":{"footnotes":""},"class_list":["post-50","page","type-page","status-publish","hentry"],"yoast_head":"<!-- This site is optimized with the Yoast SEO plugin v27.2 - https:\/\/yoast.com\/product\/yoast-seo-wordpress\/ -->\n<title>\u00c0 propos de nous - \u00c9cole primaire de Del\u00e9mont<\/title>\n<meta name=\"robots\" content=\"index, follow, max-snippet:-1, max-image-preview:large, max-video-preview:-1\" \/>\n<link rel=\"canonical\" href=\"https:\/\/eped.ch\/index.php\/a-propos-de-nous\/\" \/>\n<meta property=\"og:locale\" content=\"fr_FR\" \/>\n<meta property=\"og:type\" content=\"article\" \/>\n<meta property=\"og:title\" content=\"\u00c0 propos de nous - \u00c9cole primaire de Del\u00e9mont\" \/>\n<meta property=\"og:description\" content=\"L\u2019\u00c9cole primaire et enfantine de Del\u00e9mont accueille les enfants de 1P \u00e0 8P dans un environnement stimulant, bienveillant et dynamique.Nos \u00e9tablissements sont r\u00e9partis sur plusieurs sites afin de r\u00e9pondre au mieux aux besoins de chaque \u00e9l\u00e8ve et de favoriser un climat propice aux apprentissages. Nous encourageons l\u2019autonomie, la collaboration et la curiosit\u00e9, tout en pla\u00e7ant&hellip;\" \/>\n<meta property=\"og:url\" content=\"https:\/\/eped.ch\/index.php\/a-propos-de-nous\/\" \/>\n<meta property=\"og:site_name\" content=\"\u00c9cole primaire de Del\u00e9mont\" \/>\n<meta property=\"article:modified_time\" content=\"2025-07-18T12:14:07+00:00\" \/>\n<meta name=\"twitter:card\" content=\"summary_large_image\" \/>\n<meta name=\"twitter:label1\" content=\"Dur\u00e9e de lecture estim\u00e9e\" \/>\n\t<meta name=\"twitter:data1\" content=\"1 minute\" \/>\n<script type=\"application\/ld+json\" class=\"yoast-schema-graph\">{\"@context\":\"https:\/\/schema.org\",\"@graph\":[{\"@type\":\"WebPage\",\"@id\":\"https:\/\/eped.ch\/index.php\/a-propos-de-nous\/\",\"url\":\"https:\/\/eped.ch\/index.php\/a-propos-de-nous\/\",\"name\":\"\u00c0 propos de nous - \u00c9cole primaire de Del\u00e9mont\",\"isPartOf\":{\"@id\":\"https:\/\/eped.ch\/#website\"},\"datePublished\":\"2025-07-17T11:34:08+00:00\",\"dateModified\":\"2025-07-18T12:14:07+00:00\",\"breadcrumb\":{\"@id\":\"https:\/\/eped.ch\/index.php\/a-propos-de-nous\/#breadcrumb\"},\"inLanguage\":\"fr-FR\",\"potentialAction\":[{\"@type\":\"ReadAction\",\"target\":[\"https:\/\/eped.ch\/index.php\/a-propos-de-nous\/\"]}]},{\"@type\":\"BreadcrumbList\",\"@id\":\"https:\/\/eped.ch\/index.php\/a-propos-de-nous\/#breadcrumb\",\"itemListElement\":[{\"@type\":\"ListItem\",\"position\":1,\"name\":\"Accueil\",\"item\":\"https:\/\/eped.ch\/\"},{\"@type\":\"ListItem\",\"position\":2,\"name\":\"\u00c0 propos de nous\"}]},{\"@type\":\"WebSite\",\"@id\":\"https:\/\/eped.ch\/#website\",\"url\":\"https:\/\/eped.ch\/\",\"name\":\"\u00c9cole primaire de Del\u00e9mont\",\"description\":\"\",\"publisher\":{\"@id\":\"https:\/\/eped.ch\/#organization\"},\"potentialAction\":[{\"@type\":\"SearchAction\",\"target\":{\"@type\":\"EntryPoint\",\"urlTemplate\":\"https:\/\/eped.ch\/?s={search_term_string}\"},\"query-input\":{\"@type\":\"PropertyValueSpecification\",\"valueRequired\":true,\"valueName\":\"search_term_string\"}}],\"inLanguage\":\"fr-FR\"},{\"@type\":\"Organization\",\"@id\":\"https:\/\/eped.ch\/#organization\",\"name\":\"\u00c9cole primaire de Del\u00e9mont\",\"url\":\"https:\/\/eped.ch\/\",\"logo\":{\"@type\":\"ImageObject\",\"inLanguage\":\"fr-FR\",\"@id\":\"https:\/\/eped.ch\/#\/schema\/logo\/image\/\",\"url\":\"https:\/\/eped.ch\/wp-content\/uploads\/2025\/07\/logo-EPD.jpg\",\"contentUrl\":\"https:\/\/eped.ch\/wp-content\/uploads\/2025\/07\/logo-EPD.jpg\",\"width\":571,\"height\":260,\"caption\":\"\u00c9cole primaire de Del\u00e9mont\"},\"image\":{\"@id\":\"https:\/\/eped.ch\/#\/schema\/logo\/image\/\"}}]}<\/script>\n<!-- \/ Yoast SEO plugin. -->","yoast_head_json":{"title":"\u00c0 propos de nous - \u00c9cole primaire de Del\u00e9mont","robots":{"index":"index","follow":"follow","max-snippet":"max-snippet:-1","max-image-preview":"max-image-preview:large","max-video-preview":"max-video-preview:-1"},"canonical":"https:\/\/eped.ch\/index.php\/a-propos-de-nous\/","og_locale":"fr_FR","og_type":"article","og_title":"\u00c0 propos de nous - \u00c9cole primaire de Del\u00e9mont","og_description":"L\u2019\u00c9cole primaire et enfantine de Del\u00e9mont accueille les enfants de 1P \u00e0 8P dans un environnement stimulant, bienveillant et dynamique.Nos \u00e9tablissements sont r\u00e9partis sur plusieurs sites afin de r\u00e9pondre au mieux aux besoins de chaque \u00e9l\u00e8ve et de favoriser un climat propice aux apprentissages. Nous encourageons l\u2019autonomie, la collaboration et la curiosit\u00e9, tout en pla\u00e7ant&hellip;","og_url":"https:\/\/eped.ch\/index.php\/a-propos-de-nous\/","og_site_name":"\u00c9cole primaire de Del\u00e9mont","article_modified_time":"2025-07-18T12:14:07+00:00","twitter_card":"summary_large_image","twitter_misc":{"Dur\u00e9e de lecture estim\u00e9e":"1 minute"},"schema":{"@context":"https:\/\/schema.org","@graph":[{"@type":"WebPage","@id":"https:\/\/eped.ch\/index.php\/a-propos-de-nous\/","url":"https:\/\/eped.ch\/index.php\/a-propos-de-nous\/","name":"\u00c0 propos de nous - \u00c9cole primaire de Del\u00e9mont","isPartOf":{"@id":"https:\/\/eped.ch\/#website"},"datePublished":"2025-07-17T11:34:08+00:00","dateModified":"2025-07-18T12:14:07+00:00","breadcrumb":{"@id":"https:\/\/eped.ch\/index.php\/a-propos-de-nous\/#breadcrumb"},"inLanguage":"fr-FR","potentialAction":[{"@type":"ReadAction","target":["https:\/\/eped.ch\/index.php\/a-propos-de-nous\/"]}]},{"@type":"BreadcrumbList","@id":"https:\/\/eped.ch\/index.php\/a-propos-de-nous\/#breadcrumb","itemListElement":[{"@type":"ListItem","position":1,"name":"Accueil","item":"https:\/\/eped.ch\/"},{"@type":"ListItem","position":2,"name":"\u00c0 propos de nous"}]},{"@type":"WebSite","@id":"https:\/\/eped.ch\/#website","url":"https:\/\/eped.ch\/","name":"\u00c9cole primaire de Del\u00e9mont","description":"","publisher":{"@id":"https:\/\/eped.ch\/#organization"},"potentialAction":[{"@type":"SearchAction","target":{"@type":"EntryPoint","urlTemplate":"https:\/\/eped.ch\/?s={search_term_string}"},"query-input":{"@type":"PropertyValueSpecification","valueRequired":true,"valueName":"search_term_string"}}],"inLanguage":"fr-FR"},{"@type":"Organization","@id":"https:\/\/eped.ch\/#organization","name":"\u00c9cole primaire de Del\u00e9mont","url":"https:\/\/eped.ch\/","logo":{"@type":"ImageObject","inLanguage":"fr-FR","@id":"https:\/\/eped.ch\/#\/schema\/logo\/image\/","url":"https:\/\/eped.ch\/wp-content\/uploads\/2025\/07\/logo-EPD.jpg","contentUrl":"https:\/\/eped.ch\/wp-content\/uploads\/2025\/07\/logo-EPD.jpg","width":571,"height":260,"caption":"\u00c9cole primaire de Del\u00e9mont"},"image":{"@id":"https:\/\/eped.ch\/#\/schema\/logo\/image\/"}}]}},"_links":{"self":[{"href":"https:\/\/eped.ch\/index.php\/wp-json\/wp\/v2\/pages\/50","targetHints":{"allow":["GET"]}}],"collection":[{"href":"https:\/\/eped.ch\/index.php\/wp-json\/wp\/v2\/pages"}],"about":[{"href":"https:\/\/eped.ch\/index.php\/wp-json\/wp\/v2\/types\/page"}],"author":[{"embeddable":true,"href":"https:\/\/eped.ch\/index.php\/wp-json\/wp\/v2\/users\/1"}],"replies":[{"embeddable":true,"href":"https:\/\/eped.ch\/index.php\/wp-json\/wp\/v2\/comments?post=50"}],"version-history":[{"count":5,"href":"https:\/\/eped.ch\/index.php\/wp-json\/wp\/v2\/pages\/50\/revisions"}],"predecessor-version":[{"id":71,"href":"https:\/\/eped.ch\/index.php\/wp-json\/wp\/v2\/pages\/50\/revisions\/71"}],"wp:attachment":[{"href":"https:\/\/eped.ch\/index.php\/wp-json\/wp\/v2\/media?parent=50"}],"curies":[{"name":"wp","href":"https:\/\/api.w.org\/{rel}","templated":true}]}}